- (4 - 0))
-11
Evaluate (44 - 11) + (-6 - (7 + (-1 - 7) + 1)).
27
Calculate -966 + 956 - (2 - 58) - (0 + 3).
43
What is the value of 12 + -136 + 33 - -28?
-63
What is 0 + -3 + (-2 - 6) - (-1323 + 1340)?
-28
Calculate 3 + -15 - (27 - (38 - 38)).
-39
What is the value of -22 + (-19 - 3) + 24 + 4?
-16
Evaluate 43 + 0 + 34 + -7 + -19 + 0.
51
What is -33 + 27 - (-25 + (-8 - -99) + 0 + 8)?
-80
Calculate 1 - 8 - 20 - -8 - -5.
-14
-202 - (-57 - 51) - -13
-81
What is (-58 - ((13 - 7) + -16 - -23)) + -5?
-76
Calculate (122 - 127) + (5 + 1 - (-6 + (0 - 71))).
78
Calculate 1 + -33 - (-2702 + 2668).
2
Calculate 33 + -59 + 47 + 9.
30
Calculate 604 + -611 - (-91 + -4).
88
(17 - -69) + -1 - 71
14
36 - (8 + (-1 - 22 - (-33 + 30) - -11))
37
What is -4 + (4 + -10 + -4 - -12) + 48?
46
Calculate (-104 - -95) + 13 + 8 + -3.
9
What is -166 + 136 + (6 + -6 + 6 - -2)?
-22
Calculate -90 + (-143 - -250) + -23 + 1.
-5
-107 - (72 - (34 - -85))
-60
Evaluate -9 + 53 + (-335 - -232).
-59
What is 6 - (2 + 133 + 7) - ((11 - 20) + 8)?
-135
-14 - -12 - (35 + -21)
-16
Calculate -16 + 23 + 9 + ((-6 - -15) + 0 - 4).
21
Calculate 0 + 0 + 94 + (380 - 185 - 185).
104
-4 + 5 - (-31 + -9)
41
Calculate -42 + (-10 - -11 - 20) - -32.
-29
What is the value of 0 + 0 - (13 - (13 - (-1 + -10)))?
11
What is the value of (-117 + (0 - 11) - (5 + -8 + 11)) + 14?
-122
Evaluate -13 + 119 + (-1 - -14) + -15 + 1.
105
What is -7 - (698 + -732 - (-5 + 2 - -1))?
25
Evaluate 0 - -20 - ((4 - -22) + -21 + -8).
23
What is 56 - 52 - 32 - 18?
-46
What is (-73 + 34 - -78) + -3 + 7?
43
Calculate 63 + 12 + -30 + 31 + (-16 - -8).
68
Evaluate (-10 - 39 - 23) + 65.
-7
Evaluate -18396 + 18323 - (-2 - 116).
45
Calculate (1787 - 1785) + (0 - 13).
-11
Calculate -4 + -6 + (335 - 345).
-20
Evaluate 108 + -1 + 2 + (3663 - 3692).
80
Evaluate (28 - ((14 - 15) + -4)) + 13.
46
-357 + 368 + -3 + -1 + (-56 - -1)
-48
What is 31 + -88 + 37 - (3 - -18)?
-41
Evaluate 213 + -231 + -48 + 1.
-65
Calculate -339 + 477 + (-91 - -7).
54
What is the value of 8 - (13 + (8 + -11 - (65 - 8)))?
55
(-1 - -69) + (-50 - -43 - 6) - 5
50
What is the value of 1 + (1 - (-1 - (4 - (4 - 2) - 14)))?
-9
What is -14 + 4 + -4 + -2 - (-80 + 124)?
-60
(374 - 407) + (-8 - -7 - -100)
66
Calculate 9 + 7 + -8 - ((-2 - -11) + 58).
-59
What is -52 - -1 - (-10 + 22 + -11 + -11)?
-41
Evaluate 4 + -3 - (-74 - (38 + 0 + -9)).
104
Evaluate (-4 - (-5 - -8)) + 3 + -9 + 6 - -5.
-2
What is the value of -4 - (-4 - (12 + -26 - 13))?
-27
8 - (18 + (-13 - 0) - (2 - -38))
43
Evaluate -22 + 24 - (6 + 8) - -13 - -43.
44
Evaluate 1 + (3 - 6) + (-22 - (-29 - 13)) + -12.
6
0 + (1 - 9) - 0 - (818 + -827)
1
What is (20 - 1 - (63 + -138 + 107)) + 33?
20
What is (3 - -4 - 2) + 92 + -71?
26
What is the value of -52 - (-13 + -27 + -19 + 44)?
-37
-10 - (-2 - (-2 + -11) - (2785 + -2706))
58
What is the value of 7 - (-44 + -10 + 102)?
-41
Calculate (2 - 9 - -1) + (48 - (52 - 4)).
-6
What is 46 + (47 + -30 - (3 - -4) - -2)?
58
Evaluate -37 + -28 + 8 + 11 + 1 - 5.
-50
What is the value of (-1 - 1 - (-1 - 3)) + -3 + (-10277 - -10319)?
41
Calculate 1 - (10 + (-10 - -9) - (10 + -6)).
-4
What is the value of (-129 - -64) + 175 + -211?
-101
What is the value of (-15 - 70) + (133 + -126 - (1 - -7))?
-86
(1 - -3) + -5 - (50 + -47 + (3 - 40))
33
What is the value of (1 - 0 - 4) + 3 + 10 + -36 + 25?
-1
What is the value of 18 - (21 + (33 + -33 - 8))?
5
What is the value of 20 + (-33 - -14 - -40) + -19?
22
Evaluate 73 + -27 - (112 + -119).
53
What is -3 + 0 - ((7 - (-29 - -18)) + -23 + 105)?
-103
Evaluate -42 + -21 - (-33 + 10).
-40
Calculate (-10 - (11 - 34)) + -18 + 12.
7
Calculate -4 + -18 + (-2 + 18 - 12) - -16.
-2
Calculate -52 + -1 - (-4 - (52 + -90)).
-87
Evaluate 11 + 0 + 1 - (259 + -308 + 23).
38
What is 106 + -61 + 13 + -23?
35
What is the value of 59 + -89 - -32 - (-17 - 1 - -2)?
18
(-7 - -3) + (-8 + -6 - (-6 - 5))
-7
Evaluate 46 - 5 - 15 - 23 - 45.
-42
What is the value of -1757 - -1723 - (16 + -8)?
-42
Evaluate -3 + -50 - (-22 + (-1 - -15)).
-45
Evaluate 23 + (-1 - -11 - 17 - -31).
47
What is the value of 112 + -83 + -133 + -26?
-130
-2 - 66 - (-1146 - -1040)
38
Calculate (-2 - (-1 + 45 + 2)) + (85 - 47) + -36.
-46
Evaluate 12 - (3 - 3) - -39 - (12 + -14).
53
(7 + -42 - (-15 - -2)) + 24
2
(161 - (158 + -113)) + -140
-24
What is the value of -59 - -48 - (-8 + -3 - 3) - 116 - -9?
-104
(14 - (12 + 5)) + -15 + 82
64
Calculate (-5 + 7 - -5) + (53 - (-4 + 15)).
49
Calculate (-21 + -22 - (-5 - 0)) + 3.
-35
What is (8 - -8 - 7) + 2 + (-14 - 22)?
-25
Evaluate (3 - 17) + 6 - ((-1 - -7) + 81).
-95
What is 1 + 91 + -63 + 4 + -4 + 0?
29
Evaluate (72 - 1) + (-24 - -11) + (-7 - -8).
59
Evaluate -3 + (-12 - -2) + 12 - -9 - -28.
36
What is 28 + (32 - 60) + -18?
-18
What is (-15 + 3 + 12 - (-19 - -11)) + -73?
-65
What is -107 - (-9 + 1 + (4 + -10 - -36))?
-129
What is -30 - -46 - -21 - 30?
7
41 + -9 + 0 + -13 + -15
4
-92 + -4 - ((-30 - -31) + -28)
-69
What is (-6 - 0 - ((-3 - -37) + -31)) + -1?
-10
Calculate -81 - ((-4 - (-5 + -3)) + -7).
-78
(-5 + -89 + 11 - -3) + 51 + -68
-97
Calculate (-9 + -72 - 24) + 24.
-81
Evaluate 19 + -61 + 18 - -34 - -12.
22
Evaluate (-20 - (-9 + 4)) + (31 - 5 - 111).
-100
What is -15 + 14 + -5 + (4 - 35)?
-37
What is the value of -9 - (62 - 29 - 16)?
-26
Evaluate (-12 - -10) + -6 + 15 + -74.
-67
What is the value of -52 + (-14 - -105) - 9?
30
71 + ((97 - 89) + (1 - -2) - (0 - 0))
82
Evaluate -19 - 19 - (-6 - (8 - 27 - (-4 - 0))).
-47
3 + -3 + -37 + -125 + 122 + (-1 - -9)
-32
What is the value of (24 - 34) + (-16 - 1) - (-11 - -5)?
-21
What is -1032 + 1022 - (13 + -1)?
-22
Evaluate -4 - (73 + -31 + -46 + (1 - 2) + 40).
-39
Calculate (21 - (114 + -50)) + 33.
-10
Calculate -33 - -52 - (18 - 3) - (-1 - (44 + 1)).
50
What is (-22 - (136 - 73)) + 35?
-50
Evaluate (8 - 93) + 7 + (10 + 10 - 39).
-97
Calculate -26 - (-74 - (-14 + -34)).
0
66 + -22 + -50 + 20
14
(-4 - (0 + -25 + 35)) + 28 + (-1 - -87)
100
Calculate 2 - (0 + 2) - 39 - (-21 + 26 + 1).
-45
What is -34 - ((3 - -4) + (1 + -20 - (-7 + 5)))?
-24
What is the value of -10 - (102 + (-118 - -42))?
-36
Evaluate 16 - (-17 - (-3 + -14)) - -34.
50
(80 - 52) + (11 - -9) + -63
-15
8 - (-19 - (-15 - 14)) - 18
-20
What is -22 + -84 - (9 + 9 - 34)?
-90
-83 + -1 - -59 - (9 - 7)
-27
Calculate (-65 + 4 - 26) + 60.
-27
53 + 6 + (-9 + 7 - 0) + 25 + -11
71
Evaluate 9 - (-14 - (-5 - (21 + -11))).
8
Evaluate 0 - 8 - (21 + -9 + (-11 - -2)).
-11
What is (-24 - 1 - (105 + -122)) + -69 + -1 + -11?
-89
Evaluate 0 - 2 - -11 - (35 + -37 - -23).
-12
Evaluate 4 - 11 - (9 + -1).
-15
What is the value of (65 + -205 - -38) + 148?
46
Calculate 23 - (0 - 2) - (-292 + 237).
80
Evaluate 58 - 0 - (14 + 36 - 63 - (0 - 15)).
56
What is the value of 7 + 28 + (-14 - 14) + -22?
-15
Evaluate 44 + (-26 - 4 - -28 - -8).
50
(-74 - -80 - (7 - 0) - -19) + 7 + -2
23
Calculate 36 - (27 + -20 + (4 - 4 - 22)).
51
-10 - 34 - (446 + -523)
33
What is the value of 7 + (-4 - -12) + -5 + -11 + (-25 - -13)?
-13
Evaluate 15 + -8 - 5 - (8 + -10 - (-3 + -4)).
-3
What is the value of -7 + (9 + -2 - ((112 - 2) + (-212 - -207)))?
-105
Evaluate 17 - ((-4 + 0 - 16) + 14).
23
Evaluate -20 - (-44 + 32 - -6) - 104.
-118
Evaluate -4 + 29 + (19 - 48) + 18.
14
37 + 8 - ((-1 - -1) + (0 - 6))
51
Evaluate (-153 + 32 - -103) + (-2 - -69).
49
What is (29 + -7 - 33) + (-62 - 9)?
-82
Evaluate 69 - 86 - (13 - -19).
-49
Evaluate (60 + -57 + 0 + 9 - 15) + -11.
-14
What is -14 + (-13 - 0) - (8 + -6)?
-29
Calculate -15 - (98 + 2 + -103).
-12
Evaluate (-1 - (102 + -50)) + 10.
-43
What is the value of 11 - (-32 - (-15 + 38 + -4 + -6))?
56
What is (-63 - (-9 - 0)) + -11 - (13 - 16)?
-62
What is the value of -16 + (33 + -43 - (-21 + 1 - -7))?
-13
-2 + 5 - (35 + 0 + (-1723 - -1760))
-69
Calculate (-78 - -3) + (-4 - -3 - 19) + -1 + 10.
-86
What is (-37 - (26 - 52)) + 11?
0
Calculate -100 + 36 + -102 + 44.
-122
What is the value of -4 - (-8 + (3 - -7 - 33)) - (0 - -8)?
19
-134 + 1 + -576 + 704
-5
What is the value of (0 + 6 - 10 - (-5 - (13 - 16))) + 46?
44
What is the value of -24 - -66 - 92 - 14?
-64
(-914 - -922) + (-3 - -19)
24
Calculate (60 - -1) + (907 - 927) + -7.
34
What is the value of -5 + (-9 - -11) - 13 - (0 + 2)?
-18
Evaluate -3 - 4 - (-122 - -112).
3
-15 + (0 - 39) + (715 - 637)
24
Evaluate -36 + -9 + 72